{"id":116,"date":"2019-08-01T11:24:06","date_gmt":"2019-08-01T08:24:06","guid":{"rendered":"http:\/\/www.liftplusasansor.com\/?page_id=116"},"modified":"2021-04-16T16:39:42","modified_gmt":"2021-04-16T13:39:42","slug":"ana-sayfa","status":"publish","type":"page","link":"https:\/\/www.liftplusasansor.com\/","title":{"rendered":"Liftplus Asans\u00f6r"},"content":{"rendered":"<p><img loading=\"lazy\" class=\"wp-image-74 alignleft\" src=\"http:\/\/www.liftplusasansor.com\/wp-content\/uploads\/2018\/12\/20130805113420-300x169.jpg\" alt=\"\" width=\"247\" height=\"139\" srcset=\"https:\/\/www.liftplusasansor.com\/wp-content\/uploads\/2018\/12\/20130805113420-300x169.jpg 300w, https:\/\/www.liftplusasansor.com\/wp-content\/uploads\/2018\/12\/20130805113420-768x432.jpg 768w, https:\/\/www.liftplusasansor.com\/wp-content\/uploads\/2018\/12\/20130805113420-1024x576.jpg 1024w, https:\/\/www.liftplusasansor.com\/wp-content\/uploads\/2018\/12\/20130805113420.jpg 1920w\" sizes=\"(max-width: 247px) 100vw, 247px\" \/>Liftplus Asans\u00f6r 2018 y\u0131l\u0131nda kurulmu\u015f olup Manisa ve Ege B\u00f6lgesi ba\u015fta olmak \u00fczere \u00fclke genelinde hizmet vermektedir. Deneyimli ve profesyonel ekibimiz ile m\u00fc\u015fterilerimize g\u00fcvenilir hizmet vermeyi ama\u00e7lamaktay\u0131z. Elektrikli ve hidrolik asans\u00f6rlerde dahil olmak \u00fczere t\u00fcm asans\u00f6r sistemlerinde hizmet vermekteyiz.<\/p>\n<p>&nbsp;<\/p>\n<p>&nbsp;<\/p>\n","protected":false},"excerpt":{"rendered":"<p>Liftplus Asans\u00f6r 2018 y\u0131l\u0131nda kurulmu\u015f olup Manisa ve Ege B\u00f6lgesi ba\u015fta olmak \u00fczere \u00fclke genelinde hizmet vermektedir. Deneyimli ve profesyonel ekibimiz ile m\u00fc\u015fterilerimize g\u00fcvenilir hizmet vermeyi ama\u00e7lamaktay\u0131z. Elektrikli ve hidrolik asans\u00f6rlerde dahil olmak \u00fczere t\u00fcm asans\u00f6r sistemlerinde hizmet vermekteyiz. &nbsp; &nbsp;<\/p>\n","protected":false},"author":1,"featured_media":0,"parent":0,"menu_order":0,"comment_status":"closed","ping_status":"closed","template":"","meta":[],"_links":{"self":[{"href":"https:\/\/www.liftplusasansor.com\/index.php\/wp-json\/wp\/v2\/pages\/116"}],"collection":[{"href":"https:\/\/www.liftplusasansor.com\/index.php\/wp-json\/wp\/v2\/pages"}],"about":[{"href":"https:\/\/www.liftplusasansor.com\/index.php\/wp-json\/wp\/v2\/types\/page"}],"author":[{"embeddable":true,"href":"https:\/\/www.liftplusasansor.com\/index.php\/wp-json\/wp\/v2\/users\/1"}],"replies":[{"embeddable":true,"href":"https:\/\/www.liftplusasansor.com\/index.php\/wp-json\/wp\/v2\/comments?post=116"}],"version-history":[{"count":7,"href":"https:\/\/www.liftplusasansor.com\/index.php\/wp-json\/wp\/v2\/pages\/116\/revisions"}],"predecessor-version":[{"id":144,"href":"https:\/\/www.liftplusasansor.com\/index.php\/wp-json\/wp\/v2\/pages\/116\/revisions\/144"}],"wp:attachment":[{"href":"https:\/\/www.liftplusasansor.com\/index.php\/wp-json\/wp\/v2\/media?parent=116"}],"curies":[{"name":"wp","href":"https:\/\/api.w.org\/{rel}","templated":true}]}}