{"id":48,"date":"2018-11-14T10:49:23","date_gmt":"2018-11-14T07:49:23","guid":{"rendered":"http:\/\/www.liftplusasansor.com\/?page_id=48"},"modified":"2020-05-12T11:58:32","modified_gmt":"2020-05-12T08:58:32","slug":"urunlerimiz","status":"publish","type":"page","link":"https:\/\/www.liftplusasansor.com\/index.php\/urunlerimiz\/","title":{"rendered":"\u00dcR\u00dcNLER\u0130M\u0130Z"},"content":{"rendered":"<p style=\"text-align: left;\"><a href=\"http:\/\/www.liftplusasansor.com\/index.php\/servis\/\"><strong>SERV\u0130S(ARIZA-BAKIM)<\/strong><\/a><\/p>\n<p><img loading=\"lazy\" class=\"alignleft size-thumbnail wp-image-180\" src=\"http:\/\/www.liftplusasansor.com\/wp-content\/uploads\/2020\/05\/ar\u0131za-bak\u0131m-icon-150x150.png\" alt=\"SERV\u0130S\" width=\"150\" height=\"150\" srcset=\"https:\/\/www.liftplusasansor.com\/wp-content\/uploads\/2020\/05\/ar\u0131za-bak\u0131m-icon-150x150.png 150w, https:\/\/www.liftplusasansor.com\/wp-content\/uploads\/2020\/05\/ar\u0131za-bak\u0131m-icon-300x300.png 300w, https:\/\/www.liftplusasansor.com\/wp-content\/uploads\/2020\/05\/ar\u0131za-bak\u0131m-icon.png 512w\" sizes=\"(max-width: 150px) 100vw, 150px\" \/><\/p>\n<p>&nbsp;<\/p>\n<p>&nbsp;<\/p>\n<div class=\"mceTemp\"><\/div>\n","protected":false},"excerpt":{"rendered":"<p>SERV\u0130S(ARIZA-BAKIM) &nbsp; &nbsp;<\/p>\n","protected":false},"author":1,"featured_media":0,"parent":0,"menu_order":0,"comment_status":"closed","ping_status":"closed","template":"","meta":[],"_links":{"self":[{"href":"https:\/\/www.liftplusasansor.com\/index.php\/wp-json\/wp\/v2\/pages\/48"}],"collection":[{"href":"https:\/\/www.liftplusasansor.com\/index.php\/wp-json\/wp\/v2\/pages"}],"about":[{"href":"https:\/\/www.liftplusasansor.com\/index.php\/wp-json\/wp\/v2\/types\/page"}],"author":[{"embeddable":true,"href":"https:\/\/www.liftplusasansor.com\/index.php\/wp-json\/wp\/v2\/users\/1"}],"replies":[{"embeddable":true,"href":"https:\/\/www.liftplusasansor.com\/index.php\/wp-json\/wp\/v2\/comments?post=48"}],"version-history":[{"count":4,"href":"https:\/\/www.liftplusasansor.com\/index.php\/wp-json\/wp\/v2\/pages\/48\/revisions"}],"predecessor-version":[{"id":179,"href":"https:\/\/www.liftplusasansor.com\/index.php\/wp-json\/wp\/v2\/pages\/48\/revisions\/179"}],"wp:attachment":[{"href":"https:\/\/www.liftplusasansor.com\/index.php\/wp-json\/wp\/v2\/media?parent=48"}],"curies":[{"name":"wp","href":"https:\/\/api.w.org\/{rel}","templated":true}]}}