{"id":49,"date":"2018-11-14T10:49:23","date_gmt":"2018-11-14T07:49:23","guid":{"rendered":"http:\/\/www.liftplusasansor.com\/?page_id=49"},"modified":"2020-07-04T16:43:24","modified_gmt":"2020-07-04T13:43:24","slug":"servis","status":"publish","type":"page","link":"https:\/\/www.liftplusasansor.com\/index.php\/servis\/","title":{"rendered":"SERV\u0130S"},"content":{"rendered":"<p>Geni\u015f servis kadromuz ile asans\u00f6rlerinizin emniyet ve g\u00fcvenli\u011fini sa\u011flamak ad\u0131na her ge\u00e7en g\u00fcn teknolojik geli\u015fmeleri takip ederek m\u00fc\u015fterilerimize kaliteli bir hizmet sunmaktan mutluluk duyuyoruz.<\/p>\n","protected":false},"excerpt":{"rendered":"<p>Geni\u015f servis kadromuz ile asans\u00f6rlerinizin emniyet ve g\u00fcvenli\u011fini sa\u011flamak ad\u0131na her ge\u00e7en g\u00fcn teknolojik geli\u015fmeleri takip ederek m\u00fc\u015fterilerimize kaliteli bir hizmet sunmaktan mutluluk duyuyoruz.<\/p>\n","protected":false},"author":1,"featured_media":0,"parent":0,"menu_order":0,"comment_status":"closed","ping_status":"closed","template":"","meta":[],"_links":{"self":[{"href":"https:\/\/www.liftplusasansor.com\/index.php\/wp-json\/wp\/v2\/pages\/49"}],"collection":[{"href":"https:\/\/www.liftplusasansor.com\/index.php\/wp-json\/wp\/v2\/pages"}],"about":[{"href":"https:\/\/www.liftplusasansor.com\/index.php\/wp-json\/wp\/v2\/types\/page"}],"author":[{"embeddable":true,"href":"https:\/\/www.liftplusasansor.com\/index.php\/wp-json\/wp\/v2\/users\/1"}],"replies":[{"embeddable":true,"href":"https:\/\/www.liftplusasansor.com\/index.php\/wp-json\/wp\/v2\/comments?post=49"}],"version-history":[{"count":3,"href":"https:\/\/www.liftplusasansor.com\/index.php\/wp-json\/wp\/v2\/pages\/49\/revisions"}],"predecessor-version":[{"id":206,"href":"https:\/\/www.liftplusasansor.com\/index.php\/wp-json\/wp\/v2\/pages\/49\/revisions\/206"}],"wp:attachment":[{"href":"https:\/\/www.liftplusasansor.com\/index.php\/wp-json\/wp\/v2\/media?parent=49"}],"curies":[{"name":"wp","href":"https:\/\/api.w.org\/{rel}","templated":true}]}}