{"id":50,"date":"2018-11-14T10:49:23","date_gmt":"2018-11-14T07:49:23","guid":{"rendered":"http:\/\/www.liftplusasansor.com\/?page_id=50"},"modified":"2022-02-12T14:15:52","modified_gmt":"2022-02-12T11:15:52","slug":"modernizasyon","status":"publish","type":"page","link":"https:\/\/www.liftplusasansor.com\/index.php\/modernizasyon\/","title":{"rendered":"MODERN\u0130ZASYON"},"content":{"rendered":"<p>\u0130htiya\u00e7lar\u0131n\u0131za y\u00f6nelik tasar\u0131mlar ve \u00e7\u00f6z\u00fcmler ile asans\u00f6rlerinizi standartlara uygun \u015fekilde uzun y\u0131llar kullanman\u0131z\u0131 sa\u011fl\u0131yoruz.<\/p>\n","protected":false},"excerpt":{"rendered":"<p>\u0130htiya\u00e7lar\u0131n\u0131za y\u00f6nelik tasar\u0131mlar ve \u00e7\u00f6z\u00fcmler ile asans\u00f6rlerinizi standartlara uygun \u015fekilde uzun y\u0131llar kullanman\u0131z\u0131 sa\u011fl\u0131yoruz.<\/p>\n","protected":false},"author":1,"featured_media":0,"parent":0,"menu_order":0,"comment_status":"closed","ping_status":"closed","template":"","meta":[],"_links":{"self":[{"href":"https:\/\/www.liftplusasansor.com\/index.php\/wp-json\/wp\/v2\/pages\/50"}],"collection":[{"href":"https:\/\/www.liftplusasansor.com\/index.php\/wp-json\/wp\/v2\/pages"}],"about":[{"href":"https:\/\/www.liftplusasansor.com\/index.php\/wp-json\/wp\/v2\/types\/page"}],"author":[{"embeddable":true,"href":"https:\/\/www.liftplusasansor.com\/index.php\/wp-json\/wp\/v2\/users\/1"}],"replies":[{"embeddable":true,"href":"https:\/\/www.liftplusasansor.com\/index.php\/wp-json\/wp\/v2\/comments?post=50"}],"version-history":[{"count":3,"href":"https:\/\/www.liftplusasansor.com\/index.php\/wp-json\/wp\/v2\/pages\/50\/revisions"}],"predecessor-version":[{"id":266,"href":"https:\/\/www.liftplusasansor.com\/index.php\/wp-json\/wp\/v2\/pages\/50\/revisions\/266"}],"wp:attachment":[{"href":"https:\/\/www.liftplusasansor.com\/index.php\/wp-json\/wp\/v2\/media?parent=50"}],"curies":[{"name":"wp","href":"https:\/\/api.w.org\/{rel}","templated":true}]}}